 + (-2 - -2) + -6.
2
Calculate -16 + 32 + (2 - 6) - (11 - -2).
-1
Calculate -19 - 3 - (-1 + (6 - 8) - 5).
-14
What is the value of -75 + 72 - (0 + -3) - -22?
22
-27 - (7 - 23) - -14
3
-34 + (-17 - (2 - 36))
-17
Evaluate 15 - (9 + (-16 - (-2 - -1)) + 4).
17
What is the value of -2 - ((-3 - -7) + -17 + -4 + 8)?
7
Evaluate 3 - (-13 + 8 - -8).
0
What is the value of 1 - 3 - (-12 - (4 - 19))?
-5
What is (-4 - -6) + -3 + -3 - (13 + -16)?
-1
Calculate -1 + (-40 - -2 - -78).
39
What is 8 + -4 + 2 + 2 + -13 + -8?
-13
20 - (-6 + 15) - (54 - 18)
-25
Calculate 1 + 6 - (-12 + 5 + 9) - 3.
2
What is 0 + (-9 - -2) + (-27 - -29)?
-5
Evaluate (32 - (0 + 50)) + (-1 - -11).
-8
What is the value of (74 - 44 - 55) + 9?
-16
-12 + -2 + -3 - (-288 + 301)
-30
Calculate -38 - -26 - (-3 + -18).
9
Evaluate (7 - -10 - -7) + 2 + 30 + -39.
17
(-2 - (0 + 4)) + -1 + 4
-3
Evaluate -11 + 2 + 7 + 3 + 8 + -1.
8
What is the value of 1 - (-11 + 17 - 3)?
-2
Calculate -10 + 6 + (6 + 3 - 13) + 26.
18
11 + -1 - (32 - 25)
3
What is -15 + (3 - (-1 - -2) - -11)?
-2
Calculate 1 - (24 + -13 + 8 + -3).
-15
What is the value of 7 + (-27 - -7) + 16?
3
Evaluate 6 + 3 + (-6 - -7 - -12 - 10).
12
What is -6 + -2 + (56 - 31)?
17
-8 + (4 - -4) + -5 + 25 + -17
3
Calculate 26 + 3 + -29 + 12.
12
Calculate 21 + 0 - (-305 + 316).
10
-6 + 3 + (0 - 0) - (7 + -7)
-3
Calculate 4 - (11 - (-21 - -13)).
-15
Evaluate -32 - ((2 - -4) + -21).
-17
What is -11 - (-11 - (-9 - (-10 - -5)))?
-4
(1 - (-5 + 1 + 7)) + -59 + 76
15
What is the value of -27 - -21 - (0 - 14)?
8
(-9 - ((-3 - (-3 + -8)) + -2)) + -9
-24
4 + 2 + -11 + -4 + 12
3
45 + -32 + -28 - -6
-9
What is (0 - (4 - 6)) + -1 + -1?
0
Evaluate -15 + 4 + (20 - 23 - (-26 + -2)).
14
What is the value of 39 + -39 - (4 + -18)?
14
-6 + (-3 - -1) + 2 - (-3 + -5)
2
Calculate -13 - (13 + -24 - (-6 - 1)).
-9
Evaluate -33 - (-21 + 6) - -20.
2
Evaluate 3 + (-3 - 5) + 10.
5
5 - -7 - (6 - (-2 + 0 - -12))
16
What is -1 + (2 + -4 - (5 - 1)) + 3?
-4
7 + (1 - 9 - (-18 - -15))
2
What is 34 - (-4 + (36 - 19))?
21
(3 - 0) + -18 + 4 + 3
-8
Calculate 1 - ((-1 - (2 - 10) - -16) + 6).
-28
Calculate 10 - (3 - 2) - (-684 + 730).
-37
What is -7 + -13 - -32 - 19?
-7
Calculate -426 + 428 + (21 - (0 - 0)).
23
Calculate 4 - 2 - (-20 + 24) - -13 - -1.
12
Evaluate -39 - (-21 - -14) - (0 - 4).
-28
Calculate -13 - (7 + -24 - -12).
-8
What is the value of (3 + 2 + 0 - (2 + 1)) + 26?
28
Calculate 2 + 20 + -3 + -13 + 6.
12
Evaluate (-20 - (-3 + -2)) + 11 + 19 + 1.
16
Calculate (-3 + -8 - -23) + -13 - -5.
4
What is 7 - (-14 + 4) - 37?
-20
What is the value of 1 + (19 - 16) - 14?
-10
Evaluate -34 + (40 - -12) - (-4 + 0).
22
What is (-5 - (-4 - 1)) + 8 + 2 + -5?
5
What is 39 - (-18 - -52) - -27?
32
What is the value of -55 + 94 - (0 + 37)?
2
What is (19 - 3) + -38 + 40 + -4 + -1?
13
What is (117 - 106) + (-2 - 1)?
8
What is -8 + 21 + 14 - 15?
12
What is 17 - 11 - 0 - (4 + -9)?
11
-5 + (-16 - -14) + 2 + -23
-28
Calculate (24 - 3) + -7 + -22 - -14.
6
What is 12 - (3 + 2) - (25 - (7 - 7))?
-18
Calculate -5 + (10 - (-1 + 3)) + -16.
-13
What is the value of 3 + -5 + -4 + (0 + 5 - 2)?
-3
Calculate 732 + -750 + (-2 - -6).
-14
(-569 - -563) + -1 + -19
-26
Evaluate (21 - -1) + (-108 - -100).
14
Evaluate -1 - (-10 + -1) - 0 - (414 - 411).
7
Calculate 5 + -9 + 15 - 14.
-3
(0 - 3) + (-9 - (-4 - (6 - 14)))
-16
Evaluate -7 + 1 + -9 + (9 - 3) + 3.
-6
What is the value of 2 + -3 - (-5 + -9 - -10) - -3?
6
What is the value of 4 + 6 + (126 - 117)?
19
What is the value of 0 - (3 + 0) - (14 - (-18 + 27))?
-8
What is the value of -3 + (18 + -21 - (2 + 0))?
-8
Calculate (-3 - -28 - -12) + -23.
14
What is the value of -3 - (-20 - -1 - (-333 + 305))?
-12
Evaluate -7 + (-4 - -16 - (45 + -31)).
-9
Calculate 4 + 2 + 13 + -17.
2
Calculate (-12 + -5 - -18) + (-15 - 1) + 3.
-12
Calculate -9 + (-1 + 6 - 4) + 7.
-1
Calculate -3 - (12 + -28 + 13).
0
Calculate -6 - (-9 - (-2 + 4 + 0 + -8)).
-3
What is the value of 21 + -4 + -19 + 5?
3
Calculate 28 + -21 - 13 - (1 - (2 + 2)).
-3
What is the value of -2 + 3 + 5 + 2 - (-132 - -149)?
-9
(2 + (0 - (-10 - -5)) - 4) + 1
4
What is the value of 32 - 19 - (1 - 0) - (-26 + 17)?
21
(-15 - 1) + (-13 - -17) + -8
-20
What is the value of 7 + (0 - -2) + (-10 - (21 + -30))?
8
What is the value of (40 - -2) + (394 - 438)?
-2
-40 - (-26 - -13 - 10)
-17
What is the value of -26 + (-8 - -24 - -3)?
-7
Evaluate (-10 - (3 + 2)) + (16 - 6) + -12.
-17
What is the value of (0 + 1 - (-65 + 68)) + 8?
6
Evaluate (-6 + -13 - -19) + 2 + 12 + -2.
12
18 - ((-48 - -113) + -8)
-39
Calculate 10 + 0 + (5 - (-11 - -22 - 2)).
6
Calculate -1 - 18 - 0 - (13 + -27 - -7).
-12
What is the value of 56 + -50 + -1 + (-3 - 3) - -10?
9
What is -34 - (-40 - 38) - 34?
10
What is 9 - 2 - 12 - (10 + -8)?
-7
Evaluate 4 + (14 - (3 - -5)) - (13 + -1).
-2
What is the value of 46 + (-195 - -190 - (1 - -10))?
30
What is the value of -7 + -1 + 7 + 3 + 4?
6
Evaluate 3 + (-9 - -14 - (6 + (-2 - -7))).
-3
What is 3 - 11 - -3 - 21?
-26
Calculate -15 - ((20 - 18) + -8).
-9
-3 + 0 + (45 - 41) + 6 + -24
-17
Calculate (3 - (-11 - -20)) + (1 + 2 - -16).
13
What is -6 + (-6 - -5) - (-14 - -16) - -11?
2
Calculate 54 - 12 - (-7 + 45 + -20).
24
What is the value of -28 - -14 - (-2 - (-4 - -8) - 3)?
-5
(-42 + -8 - -74) + -1 + -12
11
What is the value of -7 + 3 + 11 + 4 - 10?
1
What is the value of (-2 - 3) + -1 + (-14 - -10)?
-10
Evaluate 3 + -14 + 9 - (-35 - (-9 - -2)).
26
What is the value of 8 + 3 + (15 - (-8 + 22))?
12
What is the value of (-1 - 7) + (64 - 74) - -7?
-11
Calculate -4 + (5 - -24) - 7.
18
What is 0 + -5 + (7 - 3) - (-1 - -3)?
-3
What is the value of 8 + 8 - (113 + -92)?
-5
Evaluate (-1 - -15) + -70 + 60 + (-17 - 0).
-13
Evaluate 19 - 10 - 9 - 11 - (-1 - 27).
17
Calculate -8 + (0 + 1 - 2).
-9
What is -545 + 580 + (-10 - 1)?
24
What is the value of (-2 - ((14 - 5 - 5) + -12)) + 1?
7
Calculate -4 + 3 - (1 - 1) - (7 - 9).
1
What is the value of 12 - (13 + (38 - 21))?
-18
Calculate 0 + (2 - (-10 + 6) - (-13 - -1)).
18
What is -1 - (2 - (-1 - -6)) - (262 + -257)?
-3
Evaluate -12 - -25 - 4 - (-4 + 3 - -25).
-15
Calculate 2913 + -2880 + (-1 - 7).
25
-6 + -52 + 12 - -61
15
What is the value of 169 + -173 + 5 + -1 - -22 - -11?
33
What is the value of 3 - (7 + 8 + (-3 - 1)) - 7?
-15
What is 18 + -6 + -24 + 10?
-2
What is the value of 17 + 5 + (1 - (0 - -7) - -2)?
18
What is -10 + (-1 + 14 - (-259 + 288))?
-26
What is the value of 9 - 6 - (1 + -4 + 0 - -43)?
-37
What is the value of -27 + (220 - 222 - (-3 + 0 + 2))?
-28
Calculate 1 + (-4 - (-2 - -3 - -7)) + -4.
-15
(-35 - -65) + -33 - (-1 + -4 - -1)
1
What is -2 + -3 - (4 + -21)?
12
What is the value of (55 - 100) + 21 - (-13 - -2)?
-13
Calculate (13 + -22 - 18) + 21.
-6
What is the value of 17 + -2 - 26 - -22?
11
What is -7 - (4 - 0 - 17)?
6
(-22 - (-5 + (-8 - (-2 + -6)))) + 3
-14
Calculate (0 + 4 + -4 - -7) + -14.
-7
Evaluate -9 + (-13 - -30) + -1 + -6.
1
Calculate -29 + (-1 + -13 - 1) + (2066 - 2054).
-32
Calculate -4 + -6 + 2 + 10 + (1 - 3).
0
What is 10 + 0 - (-26 + 39)?
-3
44 + -71 - (-18 + 23)
-32
Calculate 2 + -29 - (285 - 298).
-14
What is the value of (-46 - -54) + (-1 - 17) + (-5 - -1)?
-14
Calculate (19 - 7 - -2) + (1 - 4).
11
What is the value of 14 - 14 - (-1 + 2 - (0 - -1))?
0
What is the value of 11 - (2 + -1 - -6) - -6?
10
What is the value of 12 + -1 + 1 + (-20 - -21) + -12?
1
(-3 - 0) + -45 + 60 + 3 + -1
14
Evaluate 8 - (-7 + 6 + -5 + (12 - 5)).
7
-22 + (3 + 9 + -11 - -1)
-20
Evaluate -21 - (0 - (3 - 1) - (-258 + 251)).
-26
Evaluate 1 + -12 - -22 - 16 - 5.
-10
What is the value of 0 - (-42 - (-35 + -7))?
0
Evaluate (-17 - 2) + (-11 - 0 - -25).
-5
Evaluate (-2 - 12) + (6 - (-15 + 20)).
-13
(-4 - (-4 - 9)) + (1 - 18)
-8
-2 - -4 - (-14 - -14) - 4 - -5
3
What is -28 - (-30 - -26 - -5)?
-29
19 + -7 + -6 + -3
3
Evaluate 1 - (-1 + -15) - (162 + -161).
16
Evaluate -6 - (0 - (-17 + 18)).
-5
What is the value of 11 - (2 + 6 + 16)?
-13
22 - (9 + 10 - 8 - -3)
8
-20 - -7 - ((-14 - 5) + -7)
13
Calculate (-18 - -3) + -1 + 16 + -27.
-27
11 + 32 - 40 - 17
-14
What is the value of 24 - 9 - 23 - (-7 + 0)?
-1
-4 + (3 - (-2 - -2 - (-12 + 15)))
2
63 - 80 - (2 - (1 - -3) - 2)
-13
-6 - (8 + -13 - 10) - 0
9
What is 32 - 75 - -17 - -13?
-13
What is the value of 4 + -15 - (-20 + (0 - (-1 + 0)))?
8
What is the 